 -8*k - 89. Let p(b) = b**2 + 20*b - 18. Let l be p(k). Suppose l*y + 2*y - 885 = 0. What are the prime factors of y?
3, 59
Suppose 5930 = 301*k - 296*k. Suppose k - 352 = 6*u. List the prime factors of u.
139
Let l(c) be the first derivative of 2*c**3/3 + 3*c**2/2 - 9*c + 59. List the prime factors of l(-11).
2, 5
Let t = 7026 - 3348. Let b = -2058 + t. What are the prime factors of b?
2, 3, 5
Suppose -27*k + 141073 - 46600 = 0. List the prime factors of k.
3499
Let b = -66 + 68. Suppose 66 = -b*l + 50. What are the prime factors of (l/(-3))/(-2)*(-48 - 21)?
2, 23
Let h(d) = 2*d**3 + 11*d**2 + d + 33. Let r be h(8). Let y = r + -929. List the prime factors of y.
2, 3, 5, 7
Let q(o) = 6*o**3 + 2*o**2 + 2. Let b be q(-2). Let d = b - 57. Let j = d + 111. List the prime factors of j.
2
Suppose 2*z - 158 = -s, -z + 34 = -4*s - 36. Let g = z - 45. Suppose 2 = -d + 1, 4*h - g = d. What are the prime factors of h?
2
Suppose -5*f - y + 10 = -15, -f = -3*y - 5. Suppose 3*u = f*v + 4*u - 380, 0 = -2*v - u + 152. List the prime factors of v.
2, 19
Suppose -8*b + 12*b - 20 = 0. Let a be b*-1*(-2 - (-300)/(-5)). Let z = a - 113. What are the prime factors of z?
197
Let o(q) = 2*q - 22. Let v be o(12). Suppose g + 3*a = 387, -v*g + a = 4*a - 789. List the prime factors of g.
2, 3, 67
Let j be (-16)/10*(-55)/(-22). What are the prime factors of (-48412)/(-126) - j/(-18)?
2, 3
Suppose -3*z = -2*v - 59197, 3*z - v - 59192 = -0*z. List the prime factors of z.
109, 181
Suppose 4*h + 2*c + 9464 = 45542, -3*h - c = -27057. What are the prime factors of h?
2, 3, 167
What are the prime factors of (-4 - 210494/(-85))/(5/((-75)/(-6)))?
7, 883
Let n be (-10 - -5 - -8) + 2 + 0. Suppose 13*q - 14*q + n = 0. Let k(r) = -r**3 + 11*r**2 - 4*r - 12. List the prime factors of k(q).
2, 59
Let a = -2403 - -2784. What are the prime factors of a?
3, 127
Let b(f) = 23*f**2 - 224*f - 7176. List the prime factors of b(-38).
2, 3, 2879
Let w(f) = -13*f + 9*f**2 - 8*f + 2*f**2 + 88 + f**2. List the prime factors of w(7).
23
Suppose -2*m + 2*n + 42 = 0, 3*m - 4*n = -9*n + 79. Suppose 26*f = m*f - 9. List the prime factors of -4 - -113*(-1)/(f/6).
2, 3, 37
Suppose 4*z - 70 = 2*z. Suppose -2*g = 5*u - z, 25 = g + 4*u - 0*u. Suppose g*k - 207 = -17. What are the prime factors of k?
2, 19
Let b(k) = 4*k**2 + 100. Suppose 0 = -16*c - 21*c. List the prime factors of b(c).
2, 5
Let g be (110/(-11))/(-2 + (-3)/(-1)). Let q(d) = -d**3 - 9*d**2 + 11*d + 25. Let p be q(g). Let t = 80 + p. List the prime factors of t.
5, 19
Suppose 2*c - 29 = 2*i - 7, -2*c + 3*i = -19. Suppose 0 = 21*l - c*l - 994. List the prime factors of l.
2, 71
Suppose -2 + 4 = 3*u + o, -1 = u + 2*o. Suppose -2*f + u = -7. Suppose 199 = f*z - 3*t, 5*t = 4*z - 79 - 114. List the prime factors of z.
2, 13
Suppose -7*p + 3*p = 32. Let l(z) = -z**2 - 5*z + 8. Let q be l(p). Let t(f) = f**2 + 12*f + 28. What are the prime factors of t(q)?
2, 23
Let d = 530 - 128. Let i = -17 + 28. Suppose i*q + d = 14*q. What are the prime factors of q?
2, 67
Suppose -1320*b = -1349*b + 1797855. List the prime factors of b.
3, 5, 4133
Suppose -b - 2*a + 12 = 0, -2*b = -0*b - 2*a + 6. Suppose -m = b*j + j + 1, -4*j + 12 = 4*m. What are the prime factors of ((-42)/(-4))/((-3)/12*j)?
3, 7
Suppose 15*c + 119*c - 7777962 = -522264. What are the prime factors of c?
3, 18049
Let n(d) = 20*d - 6. Suppose -f + 3*m - 7*m - 8 = 0, -5*f - m + 17 = 0. Let y be n(f). List the prime factors of 2/(-1 - -3) + y.
3, 5
Suppose 2*q - 3*d = 16346, -d + 46082 = 4*q + 13334. What are the prime factors of q?
5, 1637
Let h(k) = 2599*k**2 - 2*k + 4. List the prime factors of h(1).
3, 17
Suppose 0 = -3*u + 19 + 107. What are the prime factors of (-97)/(-5)*210/u?
97
Suppose -22 = 3*g + 4*n, 0 = 5*g - g + 3*n + 20. Let t(x) = 499*x**2 + 25*x + 5. List the prime factors of t(g).
1951
Let z(l) = -3*l + 29. Let g be z(9). Suppose d - 3 = y, g*d + d - 24 = -2*y. List the prime factors of d/2 + 44 + -1.
2, 23
Suppose 5*x - x = -44. List the prime factors of 44/x + 86 + (-1 - -1).
2, 41
Suppose 3*v = -0*v + 3. Let m be 0 - v - 2 - 69. Let t = m + 146. List the prime factors of t.
2, 37
Suppose -1704784 = -78*p + 22*p - 38*p. List the prime factors of p.
2, 2267
Let v be (-1)/(-4 - 39/(-9)) + 599. Let n = 57 + v. List the prime factors of n.
653
Let b(c) = 4*c**2 + 34*c + 56. Let j(g) = -2*g**3 + 15*g**2 - 12*g + 18. Let v be j(7). List the prime factors of b(v).
2, 317
Let d(a) = -a**2 + 6*a + 25. Let v be d(9). List the prime factors of 841 + (v + 1)*8.
7, 17
What are the prime factors of 1531 - (-7 + (-3 - -15))?
2, 7, 109
Let m = 46 + -44. Suppose 0 = m*p - 8*p. Suppose 0 = -p*r - r + 60. List the prime factors of r.
2, 3, 5
Suppose 29*v + 3*r + 1 = 28*v, -2*r + 10 = -2*v. Suppose 60 = 2*h - 5*n, -3*h = 2*n - 66 - 5. Let t = v + h. What are the prime factors of t?
3, 7
Suppose 281*p - 284*p + 13450 = 2*y, -2*y - 5*p + 13446 = 0. List the prime factors of y.
2, 29
Let f(y) = -15*y + 401. Let o be f(27). What are the prime factors of (227058/(-24))/(-13) - 1/o?
2, 7, 13
Suppose -11*c - 152 = -64. What are the prime factors of (-8 - c - 1) + 2*128?
3, 5, 17
Suppose -28 = 2*q + 4*w, 4*w + 18 = -5*q + 7*w. List the prime factors of (-2544)/(-4)*(-4)/18*q.
2, 53
Suppose -3*w + 100 = -2*w. Let m be (0 - 2/5) + 140/w. What are the prime factors of 1*(35 + 2)/m?
37
Let n(x) = 4*x - 9*x**2 + 28*x**2 - 6*x + 3*x. Let m be n(1). Suppose 0 = -17*p + m*p - 462. List the prime factors of p.
2, 7, 11
Let n(j) be the first derivative of j**4/4 - 17*j**3/3 - 6. Let x be n(17). Suppose -2*o + 3*y = x, o - y + 6 = 2*y. List the prime factors of o.
2, 3
Let c(z) = z**2 - 7*z + 12. Let n be c(5). Suppose -j + 351 = -n*f, 2*j - f - 581 - 109 = 0. Let g = -110 + j. List the prime factors of g.
233
Suppose -261*a + 234*a = -71928. What are the prime factors of a?
2, 3, 37
Let f be (1 + 7/(-5))*-15. Suppose 2*i - f = m, -5*m + 0 = -3*i + 2. Suppose -2 = 3*n + i*u, -1 = 2*n + u - 3. What are the prime factors of n?
2
Let n be (4 - 2)*-2 + 1. Let l(x) be the second derivative of -x**5/20 + x**4/4 - x**3/2 - x**2/2 - 23*x. List the prime factors of l(n).
2, 31
Let h = 1664 + 9817. What are the prime factors of h?
3, 43, 89
List the prime factors of (-9)/(-90) - ((-616763)/70 - -8).
8803
Suppose 0 = -2*q + q - 5*l + 15812, 0 = 2*q + 3*l - 31596. List the prime factors of q.
2, 3, 7, 47
Suppose 2*k - 63696 = 4*l, -32*k + 31*k - 6*l = -31888. What are the prime factors of k?
2, 17, 937
Let q(l) = l**3 - 3*l**2 - 6*l + 11. Let f be q(6). Let m = f - 83. Suppose m*d + 55 = d - 3*o, -95 = -2*d + o. What are the prime factors of d?
2, 23
Let c(h) = 10*h**2 - 19*h - 38. Let o be c(-2). What are the prime factors of o/(-16)*3/((-6)/284)?
5, 71
Suppose -20*t - 276 + 96 = 0. Let f(x) = -97*x - 323. What are the prime factors of f(t)?
2, 5, 11
Let c = -35 - -36. Let w be (-15)/15*(3*-2 + c). Suppose -4*p - 3*f + 81 = 0, -p - w*f = -6*p + 110. List the prime factors of p.
3, 7
Suppose -37644 - 14057 = -13*i. What are the prime factors of i?
41, 97
Let i(x) = -x**3 - x**2 + x + 78. Let y = 71 - 73. Let c be y + (-8)/(-5) - 20/(-50). What are the prime factors of i(c)?
2, 3, 13
Let a(v) = -v**3 - 48*v**2 + 7*v - 34. List the prime factors of a(-50).
2, 577
Let w(h) = -16610*h + 16596*h - 21 - 11. List the prime factors of w(-12).
2, 17
Suppose 200*p + 415675 = 213*p. List the prime factors of p.
5, 1279
Let d = 36 - 38. Let t be -6*(-4)/(-16)*d. Suppose 0 = -4*g, -t*g = -2*a - 3*a + 385. List the prime factors of a.
7, 11
Let y(n) = -5*n**3 - n**2 - 12*n - 32. Suppose -4*a = -l + 15, -5*l + 1 = -2*a + 16. List the prime factors of y(l).
2, 157
Suppose 0 = -5*d - 4*x + 1, -2*d = -4*x - x + 26. Let u(v) = -188*v + 3. Let j be u(d). Suppose -731 = -11*w + j. What are the prime factors of w?
2, 59
Let h(g) = 3*g - 30. Let l be h(10). Suppose -3*b + b - 2 = l. List the prime factors of 54/(-63)*(1 - 8) + b.
5
Let c = 17463 - -13658. What are the prime factors of c?
31121
Let w be 3976 + (-3 - (-11 + 2)). Suppose 0 = 10*k - w - 1748. What are the prime factors of k?
3, 191
Suppose 3*p + 7511 = 34073. List the prime factors of p.
2, 19, 233
Suppose 3*i - 6*y - 10425 = -5*y, -2*i = -2*y - 6946. What are the prime factors o